{"id":12778,"date":"2024-09-03T16:19:08","date_gmt":"2024-09-03T16:19:08","guid":{"rendered":"https:\/\/taniphones.com\/?post_type=product&#038;p=12778"},"modified":"2026-02-02T22:10:37","modified_gmt":"2026-02-02T22:10:37","slug":"s22-ultra","status":"publish","type":"product","link":"https:\/\/taniphones.com\/?product=s22-ultra","title":{"rendered":"Samsung S22 Ultra"},"content":{"rendered":"<p>Samsung Galaxy S22 Ultra \u00ebsht\u00eb nj\u00eb smartphone q\u00eb kombinon dizajnin premium me teknologjin\u00eb m\u00eb t\u00eb avancuar. Me nj\u00eb ekran t\u00eb madh 6,8 in\u00e7 Dynamic AMOLED, S22 Ultra ofron pamje mahnit\u00ebse dhe ngjyra t\u00eb gjalla. Mund\u00ebsuar nga nj\u00eb procesor i fuqish\u00ebm, ai ofron performanc\u00eb t\u00eb jasht\u00ebzakonshme dhe kryerje t\u00eb qet\u00eb t\u00eb sa m\u00eb shum\u00eb detyrave. Tipari kryesor i S22 Ultra \u00ebsht\u00eb sistemi i tij i avancuar i kamer\u00ebs, q\u00eb p\u00ebrmban nj\u00eb konfigurim me kat\u00ebr lente me sensor\u00eb me rezolucion t\u00eb lart\u00eb dhe aft\u00ebsi zmadhimi optik, duke i lejuar p\u00ebrdoruesit t\u00eb kapin foto dhe video mahnit\u00ebse me detaje t\u00eb jasht\u00ebzakonshme. Pajisja p\u00ebrfshin gjithashtu nj\u00eb skaner t\u00eb gjurm\u00ebve t\u00eb gisht\u00ebrinjve n\u00eb ekran, lidhjen 5G dhe nj\u00eb bateri afatgjat\u00eb me mb\u00ebshtetje p\u00ebr karikim t\u00eb shpejt\u00eb. Me dizajnin e tij t\u00eb hijsh\u00ebm, performanc\u00ebn e nivelit t\u00eb lart\u00eb dhe aft\u00ebsit\u00eb mbres\u00ebl\u00ebn\u00ebse t\u00eb kamer\u00ebs, Samsung Galaxy S22 Ultra \u00ebsht\u00eb nj\u00eb pajisje e v\u00ebrtet\u00eb flagship p\u00ebr entuziast\u00ebt e teknologjis\u00eb dhe entuziast\u00ebt e fotografis\u00eb.<\/p>\n","protected":false},"excerpt":{"rendered":"<p>Samsung Galaxy S22 Ultra \u00ebsht\u00eb nj\u00eb smartphone q\u00eb kombinon dizajnin premium me teknologjin\u00eb m\u00eb t\u00eb avancuar. Me nj\u00eb ekran t\u00eb madh 6,8 in\u00e7 Dynamic AMOLED, S22 Ultra ofron pamje mahnit\u00ebse dhe ngjyra t\u00eb gjalla. Mund\u00ebsuar nga nj\u00eb procesor i fuqish\u00ebm, ai ofron performanc\u00eb t\u00eb jasht\u00ebzakonshme dhe kryerje t\u00eb qet\u00eb t\u00eb sa m\u00eb shum\u00eb detyrave. Tipari [&hellip;]<\/p>\n","protected":false},"featured_media":12780,"comment_status":"open","ping_status":"closed","template":"","meta":[],"product_brand":[],"product_cat":[66],"product_tag":[],"class_list":{"0":"post-12778","1":"product","2":"type-product","3":"status-publish","4":"has-post-thumbnail","6":"product_cat-samsung-brands","8":"first","9":"instock","10":"shipping-taxable","11":"purchasable","12":"product-type-variable"},"_links":{"self":[{"href":"https:\/\/taniphones.com\/index.php?rest_route=\/wp\/v2\/product\/12778","targetHints":{"allow":["GET"]}}],"collection":[{"href":"https:\/\/taniphones.com\/index.php?rest_route=\/wp\/v2\/product"}],"about":[{"href":"https:\/\/taniphones.com\/index.php?rest_route=\/wp\/v2\/types\/product"}],"replies":[{"embeddable":true,"href":"https:\/\/taniphones.com\/index.php?rest_route=%2Fwp%2Fv2%2Fcomments&post=12778"}],"wp:featuredmedia":[{"embeddable":true,"href":"https:\/\/taniphones.com\/index.php?rest_route=\/wp\/v2\/media\/12780"}],"wp:attachment":[{"href":"https:\/\/taniphones.com\/index.php?rest_route=%2Fwp%2Fv2%2Fmedia&parent=12778"}],"wp:term":[{"taxonomy":"product_brand","embeddable":true,"href":"https:\/\/taniphones.com\/index.php?rest_route=%2Fwp%2Fv2%2Fproduct_brand&post=12778"},{"taxonomy":"product_cat","embeddable":true,"href":"https:\/\/taniphones.com\/index.php?rest_route=%2Fwp%2Fv2%2Fproduct_cat&post=12778"},{"taxonomy":"product_tag","embeddable":true,"href":"https:\/\/taniphones.com\/index.php?rest_route=%2Fwp%2Fv2%2Fproduct_tag&post=12778"}],"curies":[{"name":"wp","href":"https:\/\/api.w.org\/{rel}","templated":true}]}}