{"id":12986,"date":"2025-03-11T15:00:00","date_gmt":"2025-03-11T15:00:00","guid":{"rendered":"https:\/\/taniphones.com\/?post_type=product&#038;p=12986"},"modified":"2025-11-27T20:19:39","modified_gmt":"2025-11-27T20:19:39","slug":"iphone-16","status":"publish","type":"product","link":"https:\/\/taniphones.com\/?product=iphone-16","title":{"rendered":"iPhone 16"},"content":{"rendered":"<h2>P\u00ebrshkrim<\/h2>\n<p>&nbsp;<\/p>\n<div class=\"product-full-screen-image\"><img fetchpriority=\"high\" decoding=\"async\" class=\"aligncenter wp-image-148153 size-large\" src=\"https:\/\/assets.shpresa.al\/shop\/2024\/09\/29705caf-cel2021-ban1-2-1024x1024.jpg\" sizes=\"auto, (max-width: 1024px) 100vw, 1024px\" srcset=\"https:\/\/assets.shpresa.al\/shop\/2024\/09\/29705caf-cel2021-ban1-2-1024x1024.jpg 1024w, https:\/\/assets.shpresa.al\/shop\/2024\/09\/29705caf-cel2021-ban1-2-540x540.jpg 540w, https:\/\/assets.shpresa.al\/shop\/2024\/09\/29705caf-cel2021-ban1-2-360x360.jpg 360w, https:\/\/assets.shpresa.al\/shop\/2024\/09\/29705caf-cel2021-ban1-2-768x768.jpg 768w, https:\/\/assets.shpresa.al\/shop\/2024\/09\/29705caf-cel2021-ban1-2-1536x1536.jpg 1536w, https:\/\/assets.shpresa.al\/shop\/2024\/09\/29705caf-cel2021-ban1-2-300x300.jpg 300w, https:\/\/assets.shpresa.al\/shop\/2024\/09\/29705caf-cel2021-ban1-2-600x600.jpg 600w, https:\/\/assets.shpresa.al\/shop\/2024\/09\/29705caf-cel2021-ban1-2-100x100.jpg 100w, https:\/\/assets.shpresa.al\/shop\/2024\/09\/29705caf-cel2021-ban1-2.jpg 2048w\" alt=\"\" width=\"1024\" height=\"1024\" \/><\/div>\n<p>&nbsp;<\/p>\n<p>&nbsp;<\/p>\n<div class=\"product-full-screen-image\"><img decoding=\"async\" class=\"aligncenter wp-image-148152 size-large\" src=\"https:\/\/assets.shpresa.al\/shop\/2024\/09\/9822a8fa-cel2021-ban1-1-1024x1024.jpg\" sizes=\"auto, (max-width: 1024px) 100vw, 1024px\" srcset=\"https:\/\/assets.shpresa.al\/shop\/2024\/09\/9822a8fa-cel2021-ban1-1-1024x1024.jpg 1024w, https:\/\/assets.shpresa.al\/shop\/2024\/09\/9822a8fa-cel2021-ban1-1-540x540.jpg 540w, https:\/\/assets.shpresa.al\/shop\/2024\/09\/9822a8fa-cel2021-ban1-1-360x360.jpg 360w, https:\/\/assets.shpresa.al\/shop\/2024\/09\/9822a8fa-cel2021-ban1-1-768x768.jpg 768w, https:\/\/assets.shpresa.al\/shop\/2024\/09\/9822a8fa-cel2021-ban1-1-1536x1536.jpg 1536w, https:\/\/assets.shpresa.al\/shop\/2024\/09\/9822a8fa-cel2021-ban1-1-300x300.jpg 300w, https:\/\/assets.shpresa.al\/shop\/2024\/09\/9822a8fa-cel2021-ban1-1-600x600.jpg 600w, https:\/\/assets.shpresa.al\/shop\/2024\/09\/9822a8fa-cel2021-ban1-1-100x100.jpg 100w, https:\/\/assets.shpresa.al\/shop\/2024\/09\/9822a8fa-cel2021-ban1-1.jpg 2048w\" alt=\"\" width=\"1024\" height=\"1024\" \/><\/div>\n","protected":false},"excerpt":{"rendered":"<p>iPhone 16 prezanton Apple Intelligence, nj\u00eb sistem personal dhe privat i krijuar p\u00ebr t\u00eb rritur produktivitetin dhe krijimtarin\u00eb. Ai p\u00ebrfshin mjete t\u00eb avancuara p\u00ebr shkrim dhe modalitete p\u00ebr foto dhe video 3D mahnit\u00ebse, dhe nj\u00eb sistem t\u00eb fuqish\u00ebm kamerash me 48MP dhe Ultra Wide. Me \u00e7ipin e fuqish\u00ebm A18, jet\u00ebgjat\u00ebsi t\u00eb zgjeruar t\u00eb bateris\u00eb, karikim m\u00eb t\u00eb shpejt\u00eb MagSafe, dhe nj\u00eb dizajn t\u00eb q\u00ebndruesh\u00ebm prej alumini, iPhone 16 ofron performanc\u00eb t\u00eb jasht\u00ebzakonshme, privat\u00ebsi dhe stil. Butoni i ri Action lejon qasje t\u00eb shpejt\u00eb te ve\u00e7orit\u00eb e preferuara, duke e b\u00ebr\u00eb m\u00eb t\u00eb leht\u00eb dhe m\u00eb t\u00eb shpejt\u00eb p\u00ebrmbushjen e detyrave t\u00eb p\u00ebrditshme.<\/p>\n","protected":false},"featured_media":12998,"comment_status":"open","ping_status":"closed","template":"","meta":[],"product_brand":[],"product_cat":[58,54,73,51,68],"product_tag":[],"class_list":{"0":"post-12986","1":"product","2":"type-product","3":"status-publish","4":"has-post-thumbnail","6":"product_cat-apple","7":"product_cat-iphone","8":"product_cat-iphone-brands","9":"product_cat-smartphone-te-rinj","10":"product_cat-te-rinj-kategori","12":"first","13":"instock","14":"shipping-taxable","15":"purchasable","16":"product-type-simple"},"_links":{"self":[{"href":"https:\/\/taniphones.com\/index.php?rest_route=\/wp\/v2\/product\/12986","targetHints":{"allow":["GET"]}}],"collection":[{"href":"https:\/\/taniphones.com\/index.php?rest_route=\/wp\/v2\/product"}],"about":[{"href":"https:\/\/taniphones.com\/index.php?rest_route=\/wp\/v2\/types\/product"}],"replies":[{"embeddable":true,"href":"https:\/\/taniphones.com\/index.php?rest_route=%2Fwp%2Fv2%2Fcomments&post=12986"}],"wp:featuredmedia":[{"embeddable":true,"href":"https:\/\/taniphones.com\/index.php?rest_route=\/wp\/v2\/media\/12998"}],"wp:attachment":[{"href":"https:\/\/taniphones.com\/index.php?rest_route=%2Fwp%2Fv2%2Fmedia&parent=12986"}],"wp:term":[{"taxonomy":"product_brand","embeddable":true,"href":"https:\/\/taniphones.com\/index.php?rest_route=%2Fwp%2Fv2%2Fproduct_brand&post=12986"},{"taxonomy":"product_cat","embeddable":true,"href":"https:\/\/taniphones.com\/index.php?rest_route=%2Fwp%2Fv2%2Fproduct_cat&post=12986"},{"taxonomy":"product_tag","embeddable":true,"href":"https:\/\/taniphones.com\/index.php?rest_route=%2Fwp%2Fv2%2Fproduct_tag&post=12986"}],"curies":[{"name":"wp","href":"https:\/\/api.w.org\/{rel}","templated":true}]}}